+ 32, 3*l + 29 = 4*w. Let c = w - 6. What is the units digit of c?
5
Let i be (-8)/(-6) - 2/6. Let c be 5/5 - -1*i. Suppose 2*o = -3*f + 8 + 3, 42 = 4*o + c*f. What is the tens digit of o?
1
Let y = -4 + 5. Let g be (-14)/(-7) + 14*y. What is the units digit of (-2)/(-2*2/g)?
8
Let a(h) = -h**3 - 4*h + 3. Let k be a(2). Suppose -2*w + 45 = -3*b, -w + 2*b + 94 = 3*w. Let v = w + k. What is the units digit of v?
1
Suppose r - 2*s - 6 = 0, 5*r - 5*s - 15 = r. Suppose -i + 2 = -r. Suppose 6 = i*u + 2. What is the units digit of u?
2
Let o be 10/(-3)*3/(-2). Suppose -o = -g + 4. What is the units digit of g?
9
Let r(j) = 5*j**2 + 5 - 3 - 3 + 2. What is the tens digit of r(2)?
2
Suppose 0 = -o - 4*v + 40, -4*o = 4*v - v - 108. Suppose -2*p + o = p. Suppose 0 = -t + p + 6. What is the tens digit of t?
1
Let o(h) = 62*h - 13. What is the tens digit of o(3)?
7
Suppose 3*k - 950 + 326 = 3*m, 2*m = 10. What is the tens digit of k?
1
Let z(o) = -10*o - 3. What is the units digit of z(-3)?
7
What is the tens digit of ((-5)/(-2))/(12/96)?
2
Let g(v) = -2*v**2 + 1. Suppose -4*n = -8*n - 4. Let s be g(n). Let b = s - -6. What is the units digit of b?
5
Let o(z) be the second derivative of z**5/30 + z**4/4 + z**3/3 - 3*z**2/2 - 2*z. Let v(u) be the first derivative of o(u). What is the units digit of v(-4)?
0
Let o be -3 - (-1)/(-2)*6. Let z be (-5)/2 - 3/o. What is the tens digit of 4/z - (-3 - 16)?
1
Let l = -384 + 748. What is the tens digit of l?
6
Suppose 2*q + 1 = -21. Suppose d = 4, 0 = -4*f + 2*f + d - 42. Let g = q - f. What is the units digit of g?
8
Suppose 0*a = -a + 1. Suppose q - 2 = -3*n + a, 16 = 2*q + n. What is the units digit of q?
9
Let u(g) = -g**3 + 5*g**2 + 2. Let v(m) = -m + 11. Let j be v(6). Let q be u(j). Suppose -p + 3 + q = 0. What is the units digit of p?
5
Suppose 4*h = -2*b + 250, 4*b + 5*h = h + 484. What is the tens digit of b?
1
Let w = 271 + -29. What is the tens digit of w?
4
Suppose 4*d = -4*h + 8 + 224, -2*d + 3*h = -136. What is the units digit of d?
2
Let y = 77 - 55. What is the units digit of y?
2
Suppose 4*m + 80 = 2*r - 0*m, 0 = 4*r + m - 205. What is the units digit of r?
0
Let l = -28 + 50. What is the tens digit of l?
2
Let b be (-4)/(-14) + 78/21. Suppose -3*k - 1 + b = 0. Suppose 5*p - 5*s = k + 49, -4*s + 95 = 5*p. What is the units digit of p?
5
What is the hundreds digit of (2 - -1)/((18/831)/2)?
2
Let q(k) = -k - 3. Let n be q(-5). What is the tens digit of (-4)/n*(-30)/4?
1
Let l(n) = n**3 - 4*n**2 + n + 1. What is the units digit of l(4)?
5
Let w be (6/4)/1*16. Suppose w = -0*z + 4*z. What is the units digit of z?
6
Suppose 4*s + w + 60 = 3*w, s + 9 = -w. Let x = s - -19. What is the units digit of x?
6
Suppose -5*w = -2*j, 0*w = -3*w - 5*j. Suppose 0 = l + 3*r, w = -l + 2*r + 2 + 3. What is the units digit of l?
3
Let a(w) = w. Let j be a(3). Let b(h) = h**2 + 4*h + 1. What is the tens digit of b(j)?
2
Suppose 0 = -5*n + 2*n - 18. Let g = n + 5. What is the tens digit of 2 + g - (-13 + -2)?
1
Let x be (-8)/16 + (-18)/(-4). Suppose 0*v - 8 = -x*v - j, 0 = 2*j + 8. Suppose -v*w - 61 = -4*t + 2, 4*w = -20. What is the tens digit of t?
1
What is the units digit of -1 + 1 + (25 - -6)?
1
Suppose -5*g + k = 26, g + 0*k - 2*k = -7. Let p = g - -8. Suppose -2*o + p*n + 4 = 5*n, -o = -5*n - 8. What is the units digit of o?
3
Suppose -4 = -4*k + 3*k. Suppose 76 = k*s - 2*s + 5*b, s + 5*b - 38 = 0. What is the units digit of s?
8
What is the units digit of -1 - (-2)/1 - -86?
7
Suppose -5*n + 28 = -n. What is the units digit of n?
7
Let w(j) = 8*j**2 + 16*j + 20. Let r(u) = 7*u**2 + 16*u + 20. Let m(n) = 7*r(n) - 6*w(n). What is the units digit of m(-15)?
5
Let g(q) = -2*q + 17. Let c(n) = -5*n + 50. Let l(s) = -3*c(s) + 8*g(s). Let t be l(12). What is the tens digit of (-2)/(4/t) - -2?
1
What is the units digit of 22/(-33)*42/(-4)?
7
Suppose -2*j = 3*h + 8, -h = h + 8. Suppose 15 = j*i - 17. What is the units digit of i?
6
Suppose 10 - 50 = -4*r. What is the units digit of r?
0
Let j(g) be the second derivative of -5*g**3/6 + 4*g**2 - 7*g. What is the tens digit of j(-7)?
4
Let o be 42 + (0/(-3) - 0). What is the units digit of (6/4)/(7/o)?
9
Suppose -4*m + 82 = 214. What is the tens digit of (m/(-2))/(4/8)?
3
Let k(w) = -w**3 - 6*w**2 - w + 8. What is the tens digit of k(-7)?
6
Let t(r) = r**2 - 7*r + 6. Let f be t(6). Suppose -3*m + m + 30 = f. What is the units digit of m?
5
What is the tens digit of 3 - 7 - 14*-3?
3
What is the tens digit of -3 + 3 - 57/(-3)?
1
Suppose 40 = 5*d - 5. What is the units digit of (d*-1)/(6/(-12))?
8
Let g = -116 + 174. What is the units digit of g?
8
Let y(d) = -43 - 5*d**2 - d + d**3 - 34 + 70. What is the tens digit of y(6)?
2
Let l(p) = -p**2 + 4*p - 10. Let r be l(7). Let g = -22 - r. What is the units digit of g?
9
Let s(v) = 99*v - 45. What is the tens digit of s(4)?
5
What is the tens digit of 102*((-32)/12 - -3)?
3
Let d(r) = r**3 + 8*r**2 + 3*r + 5. What is the tens digit of d(-7)?
3
Suppose -o + 2*z - 5 = -3*z, -10 = -5*z. Suppose -o*x = -0*x - 5. Suppose n = x + 6. What is the units digit of n?
7
Let h(y) = -2*y**2 + y**3 + 20 - 2*y**2 + 4*y**2 - y**2. What is the units digit of h(0)?
0
Let n(z) = -z**2 + 12*z - 2. Let j(o) = 4*o**2 - 36*o + 6. Let c(g) = -2*j(g) - 7*n(g). What is the tens digit of c(-10)?
2
Let k = 91 + -61. What is the tens digit of (20/(-8) + 3)*k?
1
Let v(z) = -2*z**2 - 2*z + 4. Let o be v(-4). Let q be ((-1)/1)/((-4)/(-116)). Let j = o - q. What is the units digit of j?
9
Suppose -46 - 34 = -2*n. What is the units digit of n?
0
Suppose 5*x - 3*f = 565, -f + 71 = x - 34. What is the units digit of x?
0
Let x(a) = 2*a**3 - 7*a + 6. What is the tens digit of x(4)?
0
Suppose 3*k = 2*k + 11. What is the units digit of -12 + k + 0 + 43?
2
Suppose 0 = -2*h - 3*k - 31, -3 = 3*h - 5*k - 4. Let p = 16 + h. What is the units digit of p?
8
Suppose 14 = 2*i + 4. Suppose 0 = y + i*c - 80, 0 = -y - 4*c + 3*c + 60. Let x = y + -39. What is the units digit of x?
6
Let r(g) = -2*g**3 - 3*g**2 - 3*g - 2. Let o be r(-2). Suppose 2*t + 3*u - o = 37, -t = 2*u - 24. What is the tens digit of t?
1
Suppose -3*g = -0*g - 9, -3*n = g - 543. What is the tens digit of n?
8
Let u be (-1)/(0 - 3/105). Suppose -3*g = 4*v + u + 49, 4*v + 104 = 2*g. What is the units digit of v/20*(-20)/3?
8
Suppose 0 = -4*k + 3*k, -12 = -4*o + 5*k. Suppose -3 - 6 = -x - o*z, 0 = -2*z + 4. Suppose -3*p + 4*r = -x + 1, 4*p + 5*r = 13. What is the units digit of p?
2
Let d(h) = -h**2 + 5*h + 2. What is the units digit of d(5)?
2
Let z(l) = -l**2 - 6*l + 2. Let d be z(-4). Let i = -6 + d. Suppose -3*s - 3 = 4*b, -i*s - 3 - 2 = 5*b. What is the units digit of b?
3
Let p = -11 + 13. What is the units digit of (9/45)/(p/10)?
1
Let c(s) = 2*s**2 + 3*s + 1. Suppose -3*k - 1 + 34 = 0. Let a be k/(-3) + (-4)/(-6). What is the tens digit of c(a)?
1
Let r = -2 + 2. Let u(g) = -5*g. Let k be u(-4). Suppose r = 5*j - k - 15. What is the units digit of j?
7
Suppose 2*m + k - 3*k = 12, 2*m = -3*k - 8. Suppose m*r - r - 13 = 0. What is the units digit of r?
3
Let v(i) = -i**3 - 20*i**2 + 12*i + 46. What is the hundreds digit of v(-21)?
2
Let l be 1/((-20)/12 + 2). Suppose 99 = l*o + 30. What is the units digit of o?
3
Suppose -5*j + 4*x + 4 + 41 = 0, 0 = -5*j + 3*x + 40. Suppose 0 = -j*n + 35 - 0. Let i = n - 4. What is the units digit of i?
3
Suppose 0*p = 2*x - 3*p - 32, -x - 5*p = 10. What is the units digit of 4/x + 56/10?
6
Suppose 266 = 3*g + l, 8 = 3*l + l. What is the tens digit of g?
8
Let c = 0 - -2. Let l = 3 + c. What is the units digit of l?
5
Let o(u) = -u - 1. Let h be o(1). Let l be 1*(h - 6)/1. What is the units digit of (5/(-2))/(4/l)?
5
Let f(o) = -o**3 - 3*o**2 + 3*o + 3. Let q be f(-4). Suppose -2*j = -q*j + 15. Suppose -t + 0*t + 67 = 5*k, j = -t. What is the tens digit of k?
1
Let f(g) = 7*g + 3. What is the tens digit of f(5)?
3
Let y = -14 - -30. What is the units digit of (24/y)/((-6)/(-116))?
9
Suppose -23*b - 292 = -25*b. What is the hundreds digit of b?
1
Suppose -3*z = -3*i - 597, 0 = 3*i - 4 + 19. What is the hundreds digit of z?
1
Suppose -71*b = -73*b + 66. What is the units digit of b?
3
Let t(m) = 206*m**2 + 3*m - 3. What is the hundreds digit of t(1)?
2
Suppose 6*q - q - 39 = 